
Let a = 2 + 0. Let n(l) = -5 - 4*l - 4*l**2 + a*l**2 - l**2 - 2*l**3 + 3*l**3. Determine n(4).
-5
Let g(w) = 13*w**2 - 5*w + 31. Let j(c) = -7*c**2 + 2*c - 16. Let h(u) = 6*g(u) + 11*j(u). What is h(7)?
3
Let j(q) = -5*q**2 + q. Let z = 5 + -3. Suppose -z*a + 6 + 0 = 0. Suppose -w + 0 = -a, 5*w = -4*k + 19. Calculate j(k).
-4
Let j(m) = 0 - 14*m + 14*m - 1 - 2*m**2. Calculate j(2).
-9
Let k = -13 - -9. Let v(l) = 0*l**3 - l**3 - 5*l**2 - l - 9 + 11. What is v(k)?
-10
Let m(p) = 11 + 4 - 3 - 3 - 2*p. Calculate m(6).
-3
Let o(n) = -3*n**3 + n + 1. Suppose -115*g - 5 = -110*g. What is o(g)?
3
Suppose -2*y + 8 = 2*y. Let t(w) = -2*w**3 + w**2 - 2*w + 2. Give t(y).
-14
Let x(i) = -i + 5. Let c be x(6). Let b(t) = t + 1. Let g(a) = 14*a + 10. Suppose 0 = f + 22 - 2. Let m(k) = f*b(k) + 2*g(k). What is m(c)?
-8
Suppose 5 = -3*o + 17. Let j(q) = 7*q**2 + o*q + 1 + 2 - q**2 + q**3 - 1. Determine j(-5).
7
Let k(z) = -z**2 - z + 4. Suppose -15 = -l - 2*l. Suppose 11 = 3*y - 4. Let h = y - l. What is k(h)?
4
Let r(c) be the first derivative of c**4/12 + 4*c**3/3 + 9*c**2/2 + c + 8. Let p(n) be the first derivative of r(n). What is p(-6)?
-3
Let s(m) = 4*m - 3. Let b(h) = -11*h + 10. Let l(q) = -32*q + 29. Let k(g) = -17*b(g) + 6*l(g). Let x(t) = -5*k(t) - 6*s(t). What is x(-5)?
-7
Suppose 2*t + 4*q - 8 = 0, -q = 4*t - 1 - 1. Suppose 5*o - 1 + 26 = t. Let j(g) = g**2 + 3*g - 5. Determine j(o).
5
Let q = -1 - -4. Let y(t) = -2*t**3 - t - 7 + 3*t**3 + q + 5*t**2. Suppose s - 5*d = -5, s + 5*d = 4*d - 5. Determine y(s).
1
Let z(b) be the second derivative of -b**6/360 + b**4/12 - b. Let l(j) be the third derivative of z(j). Let x = -6 + 3. Give l(x).
6
Suppose 2*a + 19 = y, -a + 0*y = 3*y + 20. Let p = 14 + a. Let g(z) be the second derivative of -z**3/3 + z**2 + z. What is g(p)?
-4
Let p(c) = c**3 - 8. Suppose 3*v + v - 4*n = 0, -4*v = n + 15. Let m be 5 + v - (1 + 1). What is p(m)?
-8
Suppose -m = 4, 5*b - 2 + 1 = 4*m. Let u(d) = -d**3 - 2*d**2 + 4*d + 2. Give u(b).
-1
Let s(p) be the third derivative of -1/60*p**5 - 1/120*p**6 + 7*p**2 + 0*p + 0*p**4 + 0 - 1/6*p**3. What is s(-2)?
3
Let o be 2 - ((-4)/(-18) - 38/9). Let d(r) = r**3 - 7*r**2 + 2. Determine d(o).
-34
Let i = 0 + -1. Let c be 4/30 - 124/30. Let h(z) = -11*z**2 + 6*z - 4. Let b(k) = -10*k**2 + 5*k - 3. Let v(g) = c*h(g) + 5*b(g). Calculate v(i).
-6
Let y be -2 - (-1)/(2/(-4)). Let h(z) be the first derivative of z**2 - 3*z + 6. What is h(y)?
-11
Let n(c) be the third derivative of 0 + 1/60*c**5 + 0*c + 1/6*c**3 - 5*c**2 - 1/6*c**4 + 1/120*c**6. Give n(-3).
-5
Let i(u) = -5*u. Let f(n) be the third derivative of 11*n**4/4 + n**2. Let l(s) = 2*f(s) + 27*i(s). Let r be (-10)/8 + (-3)/(-12). Give l(r).
3
Let i = 18 + -16. Let q(f) be the third derivative of -1/60*f**5 + 3*f**i + 1/6*f**3 + 0 + 0*f + 1/20*f**6 - 1/24*f**4. Calculate q(1).
5
Let z(r) = 6*r + 2. Suppose -11 = 3*x - 2. Calculate z(x).
-16
Suppose 23 = 3*x + 2. Let c(h) = x*h - h - 3*h. What is c(1)?
3
Let i(u) = -5*u**2 + 4*u**2 - 14 + 21 - 3*u - 6. Let d(y) = -2*y + 7. Let n be d(6). Determine i(n).
-9
Let z(o) = -o**2 - 2*o + 3. Let k be (4/4)/(2/38). Suppose 0 = 5*u + 9 - k. Determine z(u).
-5
Suppose 0 = u - 6*z + 4*z + 3, -2*z + 2 = 0. Let w = -1 - u. Let g(t) = -4*t + 3 + 3*t + 3. Give g(w).
6
Let k(s) = -s**3 - 8*s**2 + 9*s + 3. Suppose 0 = 2*q - 31 + 49. Give k(q).
3
Let h = -12 + 13. Let p(v) be the third derivative of v**5/60 - v**4/24 + v**3/6 - 2*v**2. What is p(h)?
1
Let x(w) = -w**3 + 2*w**2 + 3*w + 1. Let k(s) = -s**2 - 8*s - 9. Let u(a) = a**3 - a - 1. Suppose -6*o - 6 = -3*o. Let d be u(o). Let l be k(d). Give x(l).
11
Let x(g) = -g**2 + 4*g - 4. Suppose 5*h - 3*t = 3*h, 13 = h + 5*t. Suppose 3*v = h*c - 6, 2 = -4*c - 5*v + 1. Let l = c - -2. Calculate x(l).
-1
Suppose 0 = 3*s - 2*l - 45, s + 5 - 20 = -l. Suppose 5*a = 2*a + s. Let i(j) = j**2 - 3*j - 4. What is i(a)?
6
Let t(h) = 8*h**3 + 13*h**2 + 7*h - 12. Let x(f) = 3*f**3 + 6*f**2 + 4*f - 6. Let r(u) = 2*t(u) - 5*x(u). Calculate r(5).
1
Let g(x) be the first derivative of -1/4*x**4 - 5/3*x**3 - x - 1/2*x**2 - 1. Let t = -98 + 93. What is g(t)?
4
Let n(o) = -3*o**2 - 24*o - 37. Let m(l) = l**2 + 8*l + 12. Let y(d) = 7*m(d) + 2*n(d). What is y(-7)?
3
Let d(f) = f**3 - f**2 + f - 1. Let c(h) = 7*h**3 - 12*h**2 + 5*h - 2. Let i = 5 + -6. Let a(y) = i*c(y) + 6*d(y). Determine a(6).
2
Let z be 1/(-3) + 221/51. Let f(k) = k**3 - 4*k**2 - 2*k + 1. Give f(z).
-7
Let i(r) be the first derivative of -1 - 1/3*r**3 - 2*r - 3/2*r**2. Suppose -19 = 7*k + 9. Calculate i(k).
-6
Suppose -3*l + 0 = -3, -1 = -3*m + 5*l. Suppose d = m*n - 6, 2*d - 20 = -3*n - 2*d. Let r(t) = 6*t**2 + 0*t**3 - 7*t - t**2 - t**3 + 5. Calculate r(n).
-7
Let b(x) = -x**2 + 4*x + 4. Let r(f) = f**3 - 8*f**2 + 9*f - 6. Let q be r(7). Let p = q + -3. Give b(p).
-1
Let a = -7 + 11. Let m(q) = -q + a + 6 - 6. Determine m(5).
-1
Let g(x) = 2*x**3 - 4*x**2 + 2*x + 2. Suppose 11*i = 13*i + 48. Let r = i + 26. Give g(r).
6
Let s(l) = l**2 - 5*l + 2. Let r be s(2). Let y(d) be the third derivative of -d**5/60 - 5*d**4/24 - d**3 + 10*d**2. What is y(r)?
-2
Let h(u) = u**3 - 7*u**2 + 5*u - 8. Let r be (7 - 10/25) + 4/10. Determine h(r).
27
Let j(t) = -t - 6. Let x(d) = -7*d**3 + 1. Let y be x(1). Determine j(y).
0
Let h(d) = 10 - 18*d - d**3 - 3 + 0 + 15*d**2 + 4*d. Give h(14).
7
Let p = 10 + 2. Let j be (p/(-15))/((-2)/(-10)). Let r = j + -1. Let m(s) = s**3 + 6*s**2 + 4*s + 3. Calculate m(r).
8
Let y be (-2)/(1 - (-5)/(-3)). Let d(i) = -i - y*i + i - 5 + 2*i. What is d(0)?
-5
Let h(c) = c + 1. Let g(z) = z + 2. Let t(k) = -3*g(k) + 2*h(k). Calculate t(3).
-7
Let g(z) = -z - 1. Let b(j) = -j. Let q be b(3). Let x be g(q). Suppose -l - x = -4, -2 = -3*c + 5*l. Let v(u) = -u**2 + 3*u - 2. What is v(c)?
-6
Let t(u) = 5*u. Let g be t(-1). Let m(l) = 7*l**3 + 11*l**2 - 5*l + 11. Let s(c) = -20*c**3 - 32*c**2 + 14*c - 32. Let n(p) = -17*m(p) - 6*s(p). What is n(g)?
0
Let b(n) be the third derivative of -n**5/20 - 7*n**4/24 + 2*n**3/3 - 9*n**2. Let u(w) = 5*w**2 + 13*w - 8. Let c(l) = 7*b(l) + 4*u(l). What is c(4)?
-8
Let a(y) be the first derivative of 3*y**2/2 + y - 4. What is a(-1)?
-2
Let l(o) = 2*o + 4. Let d(a) = -a**3 + 5*a**2 - 6. Let m be d(5). Let t = m + 3. Give l(t).
-2
Suppose -4*n + 11 = -5. Let x be 4/(-14) + n/14. Suppose x*v - v - 5 = 0. Let s(q) = -q**3 - 4*q**2 + 6*q + 4. Calculate s(v).
-1
Let q(y) = 3*y. Let z(m) = -7*m. Let u = -5 + 7. Let o(k) = u*z(k) + 5*q(k). Give o(2).
2
Let q(a) = -a**3 - 2*a**2 + a + 4. Let l(y) = -y**3 - 2*y**2 + y + 5. Let c(o) = 3*l(o) - 4*q(o). Let t(n) = n**2 + 6*n - 2. Let v be t(-6). What is c(v)?
1
Let q = -5 - -10. Let t = q - 8. Let y(p) be the third derivative of p**4/8 + p**3/3 + 9*p**2. Give y(t).
-7
Let d(m) = -7 - 4*m**3 - m - 4*m**2 + 6 + 3. Determine d(-2).
20
Let x(l) = -7*l + 1. Suppose 0 = -3*j - 3*b, -5*b + 3 = 2*j - 0*j. Determine x(j).
8
Let v(y) be the first derivative of y**7/840 + y**6/120 - y**5/40 + y**4/6 + 4*y**3/3 - 1. Let p(b) be the third derivative of v(b). Calculate p(-4).
0
Let l(o) be the third derivative of o**5/60 - 2*o**3/3 - 2*o**2. Suppose 5*w + 39 = -3*b, 3*b - 24 = 3*w + 9. Let c = -6 - w. Give l(c).
5
Let j = 4 - 2. Suppose -2 + 12 = -5*u - j*k, 4*u = -5*k - 25. Suppose u = m - 2*m - v - 3, 2*v = -m - 2. Let g(q) = -q**2 - 4*q + 5. Calculate g(m).
5
Let i = 1 - 4. Let f(p) = -4*p**2 + p. Let k(v) = 7*v**2 - 2*v. Let y(w) = 5*f(w) + 3*k(w). Calculate y(i).
12
Let z(w) = 5 - 4*w + 11*w + 2 + w**2. Suppose -o + c - 7 = 0, -2*o - 7*c = -2*c + 7. Give z(o).
1
Let i(c) = 29*c**2 - c - 63*c**2 + 33*c**2 + 8. Determine i(0).
8
Suppose -19 = 3*s + 5*h, 9 - 26 = 4*s + 5*h. Let a(u) = -3*u**2 + 2*u - 1. Determine a(s).
-9
Suppose 4 = z - 1. Let b(w) = 3 + w**2 - 3*w - 2*w - 2 - w. What is b(z)?
-4
Suppose 5*u + 2 = 7. Let w be 9/3 + u*-6. Let z(y) = y**3 + 2*y**2 - y. Determine z(w).
-6
Let y(x) = x - 7. Let u be ((-4)/(-6) - (-1 + 2))*-27. Determine y(u).
2
Suppose 4*s = -2*f - 16, 3*f + 4 + 0 = 4*s. Let c be (s/4)/((-3)/24). Let m(h) = -2*h**2 + 4*h + 5. Determine m(c).
-11
Suppose 0 = 5*p - 2*h - 5, -p = 4*h - 0*h + 21. Suppose 3*n = 5 + 1. Let z(o) = -1 - 2*o - 8*o**3 - 2*o**2 + 0*o**n + 3*o**3. What is z(p)?
4
Suppose 14 + 1 = 3*t. 